uppose -4*o + 928 = m*w, -o = -3*o + w + 478. Is o composite?
True
Let i(t) = -7146*t - 59. Let x be i(6). Is x/(-20) + (-2)/(-8) composite?
True
Let b = -148 + 151. Suppose -4*i = -b*h + 2039, h - 687 = 6*i - i. Is h a prime number?
True
Let w = -25 + 30. Suppose -2*a + w*a - 8496 = 0. Suppose -3*v = -a + 867. Is v a prime number?
False
Suppose -7*g + 86439 = -97822. Is g prime?
False
Let n(t) = -4*t**2 - 3*t - 2. Let s be n(-2). Let c be ((-88)/s)/(6/9). Suppose 3*f + c + 29 = p, 0 = -3*p + 5*f + 140. Is p composite?
True
Suppose -3*a - 222 = -4*n + 9598, -4910 = -2*n - 4*a. Is n a composite number?
True
Let k be (3 - 5) + (4 - -1). Suppose -5*i = -4*h + 227, k*h + 0*i - 176 = -2*i. Is h a composite number?
True
Suppose 15*l = 12*l - 5*c + 23477, 2*l = -c + 15656. Is l a composite number?
False
Let k be ((-242)/33)/(2/(-21)). Let n = k - 342. Is (-1)/(1/(-2 + n)) composite?
True
Let k(w) = 4*w**2 + 13*w + 1. Suppose 2*q - 107 = 5*l + 12, 5*q + 40 = -l. Let m = -19 - l. Is k(m) a prime number?
True
Let i(z) be the first derivative of -11*z**2 - 29*z + 16. Is i(-10) prime?
True
Suppose 3 = 3*y - 12, -4*y + 8 = -u. Let i be (-2)/(-8) - (-357)/u. Let w = i - 11. Is w a prime number?
True
Let c(a) = a**3 + 4*a**2 - 6*a + 12. Is c(15) composite?
True
Let b(c) = c + 8. Let a be b(-4). Suppose -l + 859 = -h + 4*h, 1136 = a*h - l. Suppose o = 4*o - 2*y - h, -2*y = -o + 91. Is o a composite number?
False
Let o = 77 + -72. Suppose -j - 11070 = -o*h - 6*j, 4*h + 2*j = 8858. Is h a prime number?
False
Let d(p) = -p - 6. Let n be d(-6). Suppose f - 3*s = -5*s + 846, n = -4*s + 8. Let h = -505 + f. Is h a prime number?
True
Let y be -5*((-12)/20 - 1). Suppose 1535 = y*i - 3*i. Suppose 3*w + 40 = i. Is w composite?
False
Suppose 5*j = 94 - 19. Let a = j - 10. Suppose -3*u + a*u - 1246 = 0. Is u composite?
True
Let y(r) = 587*r - 67. Is y(4) prime?
True
Let u(f) = -412*f**3 + 4*f**2 + 33*f + 9. Is u(-4) a prime number?
True
Suppose h + 7*h = 1408. Let b = h - -47. Is b a composite number?
False
Let f(h) = 4*h**2 + 13*h - 31. Is f(8) a composite number?
True
Suppose 8318 = -2*d + 26032. Is d a composite number?
True
Let p(s) = s**3 - 15*s**2 - 4*s - 12. Let z be p(15). Let i = z - -163. Is i composite?
True
Suppose 10 = 3*d - 2. Suppose 3*s - h - 19 = 0, -s + d*h + 11 = -2*s. Suppose 0 = -2*n - 2*w - 56 + 168, 77 = 2*n - s*w. Is n a prime number?
False
Suppose -36*x + 289493 = -23383. Is x a composite number?
True
Suppose 0 = 71*l - 93*l + 174130. Is l a composite number?
True
Is 17/(-85)*-5*419 a composite number?
False
Let y be -1 + (-2 + 62)/5. Let t(h) = h**3 - 4*h**2 + 5*h + 11. Is t(y) a composite number?
True
Suppose -7*s + 2462 + 3271 = 0. Let w(c) = 45*c**2 + c - 1. Let b be w(3). Suppose -4*h = -5*a - s, -h + b = h - 3*a. Is h composite?
False
Let p(d) = d**3 + 5*d**2 - 8*d + 9. Let o be p(6). Let b be 1 + -2*(2 - 3). Suppose 3*c + c - f = o, -c + 86 = b*f. Is c a prime number?
True
Let h = 9 + -7. Suppose -3*y = v - h*v + 1744, v - 1720 = -5*y. Is v prime?
False
Suppose -12*z = -18*z - 24. Is z*9/(-216) + 33466/12 a composite number?
False
Suppose -2*b = -7*b - 15445. Let f = b - -4366. Is f a composite number?
False
Let s = -1 + 2. Let p be 1/((-4)/(-44)*s). Suppose -p*m + 268 = -7*m. Is m a composite number?
False
Suppose 8282 = 2*h - w, 4*h + 0*h = 3*w + 16560. Is (0 - -1)/(3/h) a prime number?
True
Let s be 2*1 - 48/(-8). Let y(d) = d**3 - 9*d**2 + 7*d + 6. Let c be y(s). Is 226/(c + 3) + -3 a composite number?
False
Let l be 2/11 + (-96)/44. Let p(w) = 2*w**2. Let b be p(l). Is (-2)/b*2*-66 a prime number?
False
Suppose -h - 3099 = -3*h + j, -3*h = 2*j - 4666. Let s = -807 + h. Is s prime?
False
Is -3*(-3 - 102/(-36))*502 prime?
True
Is 47635/35*(0 - -1) a composite number?
False
Suppose -13*x + 40978 + 14259 = 0. Is x a prime number?
False
Is 590356/91 - 3/(-35)*-5 a composite number?
True
Is (1 - 4/2) + 1182 composite?
False
Let d(g) = g**2 - 6*g - 23. Let z be d(9). Let q(p) = 6*p**2 - p - 7. Let j(h) = 13*h**2 - h - 15. Let r(u) = -2*j(u) + 5*q(u). Is r(z) a prime number?
True
Suppose -5*c + 9 = p, 3*p + 0*c = 4*c - 30. Let d = p - -8. Suppose d*r = -6, -3*n + 504 = -n - 2*r. Is n composite?
True
Suppose -q + 0*i + 907 = 4*i, 5*i = -2*q + 1805. Is q a prime number?
False
Let h be (-2 + 0)*6/12 + 12. Let m = h + 38. Is m a composite number?
True
Suppose -2*h + 0*h = 3*j + 11, 0 = 3*j - 2*h - 5. Is 4/(-1 - 3) + (j - -523) composite?
False
Suppose 0 = 2*c + 3*g - 10525, -c - 4*g + 5800 - 535 = 0. Is c a composite number?
False
Suppose 3*g + 11637 = -3*k + 5*k, 4*k - 23295 = -g. Suppose 4*c - k = -5*c. Is c a prime number?
True
Let i be -4 + (-1 + 2 - 0). Let h = i - -3. Is ((h - -11)*-3)/(-1) a composite number?
True
Suppose -60*y + 4334730 = 816750. Is y prime?
False
Let d be (-34)/(-8) - 2/8. Suppose -d*l = 5*i - 2617, -2*i + 5*l + 1030 = l. Is i a prime number?
True
Suppose 105*k - 64594 = 103*k. Is k prime?
True
Let a be 220/8*(-6)/(-5). Let b = a + -31. Suppose 4*o = -2*v + 714, -362 = -b*v + v - 3*o. Is v prime?
True
Let g(j) = 58*j**3 - 5*j**2 - 4*j + 4. Let u be g(4). Suppose -u = -4*v + 2*v. Let n = -761 + v. Is n composite?
False
Suppose -h + 2*h - 63 = 5*y, -58 = 4*y + 3*h. Let t = 13 + y. Suppose t = -6*c + 3*c + 117. Is c a composite number?
True
Suppose k = 2*u + 12, -5*k + 2*u - 4*u = -36. Let t be (-59)/(-6)*3*k. Suppose -59 = -5*n + t. Is n a composite number?
False
Suppose -5*o + b + 59814 = 0, -2*b - 47828 = -4*o - 7*b. Is o a prime number?
False
Let y(v) = 124*v**2 - 7*v + 3. Let o be y(6). Suppose 988 = -z + o. Is z a composite number?
True
Suppose 5*k - 3*z = -6*z + 87, -z - 1 = 0. Suppose -x - p - 1 = 1, k = -x - 5*p. Suppose -3*j + 0*a + 246 = 3*a, -x = 2*a. Is j a composite number?
False
Let o be ((-16)/(-12)*19407)/(-1). Is -2*4/(-36) + o/(-36) a prime number?
True
Suppose 0 = -4*k - 1306 - 418. Let u = 374 - k. Is (u/10)/(1/2) composite?
True
Let j = -730 + 4995. Is j composite?
True
Suppose 3*y + 501 + 0 = 0. Let g = 258 + y. Is 17368/g - (-1)/7 prime?
True
Is 114060/14 + 8/(-7) + 1 composite?
False
Suppose -2*t - t = 4*p - 2278, -2830 = -5*p + 5*t. Suppose -6*z = -3*z - 5*s - 1734, -p = -z + 5*s. Is z a composite number?
True
Let y(m) = -m**3 + 7*m**2 - 6*m - 7. Let s be y(5). Let j = s - 13. Suppose 5*l - 15 = 5*k, k - 3 - 1 = j. Is l prime?
True
Is (-3391 + 2)*(-3 - -2) prime?
True
Suppose 4*y - 21855 = -5*p + 9*y, -y - 13109 = -3*p. Is p a prime number?
False
Is 156/(-78) + 4201 + -2 + 4 composite?
False
Is 1/1*(1 - -8310 - 2) a composite number?
True
Suppose -2*g = -0*g - 8. Suppose 0 = 3*w + 15, -g*w + w + 201 = 4*k. Let i = 307 - k. Is i prime?
False
Let i(n) = 7*n**2 + 8*n - 4. Let b be -3*((-8)/12 + -1). Suppose 0 = 4*a - k - 18, -5 = -3*a - b*k + 20. Is i(a) a composite number?
False
Is 160208/64 + 1/(-4) a composite number?
False
Is -2 + (-14871)/(-6) + 1/2 composite?
False
Let v = 4254 + -2795. Is v a prime number?
True
Suppose 5*g - 303 - 330 = w, -3*w - 3*g - 1827 = 0. Let q = w + 2012. Is q a composite number?
False
Suppose 0 = 26*u - 24*u + 10. Let l be u/(-25) - 28536/(-20). Suppose 0 = 5*k - 708 - l. Is k a composite number?
True
Suppose 0 = 14*v - 24*v + 6590. Is v a composite number?
False
Suppose -752 = -i - p, -2*i = p - 912 - 589. Is i composite?
True
Let i be ((-25)/15)/((-2)/6). Suppose -i*b + b + 2332 = 0. Is b prime?
False
Suppose 5*q + 2*n - 27 = 5*n, 2*q = n + 11. Is (2/(q/(-3)))/((-6)/318) a composite number?
False
Let q be 4/(-36)*-29 + 4/(-18). Let y(c) = 82*c + 1. Is y(q) a composite number?
True
Let g(j) = 84*j**2 + 10*j - 21. Is g(5) prime?
True
Let f(z) = -z**2 - 5*z - 3. Let r be f(-3). Suppose t + r*k + 2 = 11, -3*t - 2*k + 27 = 0. Is (t + -7)/(2/119) a prime number?
False
Let t = 17 + -7. Let q(n) = -9*n + 9*n + 14*n + t*n + 5. Is q(6) a prime number?
True
Suppose t - 3*t = -5*n + 15, 3*t = -4*n + 12. Suppose -6 = -t*r - 2*r. Suppose 0 = -r*o - 0*o + 291. Is o a composite number?
False
Let v be 2 + (-3 - (-4 - 69)). Suppose -4*u + v = -52. Is u prime?
True
Is (-5 - -2)*13705/(-15) a composite number?
False
Suppose -7*b + 43483 = 4*b. Is b composite?
True
Let u be 4/(-3)*1 + (-19193)/(-51). Let m = -264 + u. Is m a composite number?
True
Let p = 77 + -73. Suppose -37687 = 